
Calculate the greatest common factor of 303 and 6575403.
303
Calculate the highest common divisor of 1890 and 32690.
70
What is the highest common factor of 18530 and 24650?
170
Calculate the greatest common factor of 381 and 40767.
381
Calculate the greatest common divisor of 6028940 and 20.
20
What is the greatest common divisor of 5550 and 98235?
555
What is the greatest common factor of 5551 and 443653?
427
Calculate the highest common factor of 692398 and 26852.
1918
Calculate the highest common divisor of 2366 and 1456.
182
What is the greatest common divisor of 1808 and 4974712?
904
Calculate the highest common divisor of 1264700 and 60.
20
What is the highest common divisor of 148 and 1984?
4
What is the greatest common factor of 19971 and 7?
7
What is the greatest common divisor of 845 and 5785?
65
Calculate the greatest common divisor of 605190 and 10.
10
What is the highest common factor of 2528 and 2144?
32
Calculate the highest common divisor of 1017415 and 28.
7
Calculate the highest common factor of 1755 and 9612.
27
Calculate the greatest common factor of 3715 and 105.
5
What is the highest common factor of 514 and 57311?
257
What is the highest common factor of 647760 and 1920?
240
What is the greatest common divisor of 3314268 and 18?
18
Calculate the highest common divisor of 123 and 67281.
123
What is the greatest common divisor of 19711 and 69?
23
What is the greatest common factor of 3424 and 41409?
107
Calculate the highest common factor of 6634 and 217.
31
What is the highest common divisor of 2145 and 91465?
55
What is the highest common divisor of 6902 and 952?
238
What is the greatest common divisor of 1013796 and 243?
243
What is the highest common divisor of 218 and 185845?
109
Calculate the highest common factor of 6544 and 24131.
409
What is the highest common factor of 310 and 556915?
155
Calculate the highest common divisor of 49020 and 4644.
516
Calculate the highest common factor of 68190 and 15.
15
What is the greatest common divisor of 255 and 24055?
85
Calculate the highest common divisor of 29872 and 64.
16
What is the highest common divisor of 477 and 7893?
9
What is the highest common divisor of 2044 and 224?
28
Calculate the greatest common factor of 80 and 5224.
8
Calculate the greatest common divisor of 3322 and 154.
22
Calculate the greatest common divisor of 1992720 and 368.
368
What is the greatest common divisor of 57032 and 72?
8
Calculate the highest common divisor of 3277 and 54127.
113
Calculate the greatest common divisor of 1274 and 104.
26
What is the greatest common divisor of 12 and 599916?
12
What is the highest common factor of 969992 and 904?
904
What is the greatest common divisor of 2384 and 30694?
298
Calculate the greatest common divisor of 9058 and 1456.
14
Calculate the highest common factor of 74 and 3968805.
37
Calculate the highest common divisor of 16983 and 36.
9
Calculate the greatest common factor of 3520 and 1007380.
220
What is the highest common divisor of 42 and 1022553?
21
Calculate the highest common divisor of 69 and 5037.
69
Calculate the highest common factor of 42 and 51345.
21
What is the highest common factor of 100 and 1451900?
100
Calculate the greatest common divisor of 144 and 28404.
36
What is the greatest common factor of 2793678 and 732?
366
Calculate the highest common factor of 1825416 and 216.
216
Calculate the greatest common divisor of 28118 and 238.
34
What is the greatest common factor of 86460 and 35?
5
Calculate the greatest common factor of 67 and 5473967.
67
Calculate the highest common divisor of 10436 and 48.
4
Calculate the highest common divisor of 62269 and 1.
1
Calculate the greatest common divisor of 7560 and 72156.
84
Calculate the highest common divisor of 89 and 14618339.
89
What is the highest common divisor of 2112 and 9680?
176
Calculate the greatest common factor of 8359 and 70087.
643
What is the highest common factor of 7515 and 69639?
501
What is the greatest common factor of 2076 and 9636?
12
What is the highest common factor of 399026 and 4978?
262
What is the highest common factor of 481 and 55019?
37
What is the highest common factor of 4392 and 198432?
72
Calculate the greatest common divisor of 3910 and 2024.
46
What is the greatest common divisor of 266 and 73157?
7
Calculate the greatest common divisor of 18 and 1557.
9
Calculate the greatest common divisor of 117569 and 25099.
1321
What is the highest common divisor of 1574 and 8?
2
Calculate the highest common factor of 29050 and 27300.
350
Calculate the greatest common factor of 1474 and 17956.
134
Calculate the highest common factor of 8046 and 729.
27
Calculate the greatest common divisor of 1137 and 126965.
379
What is the highest common factor of 250107 and 3003?
429
What is the greatest common factor of 26 and 2106?
26
Calculate the highest common factor of 65 and 93455.
5
Calculate the greatest common divisor of 164224 and 1664.
128
Calculate the greatest common factor of 55 and 17490.
55
What is the greatest common factor of 3807 and 4293?
81
Calculate the highest common divisor of 1204080 and 14705.
865
Calculate the greatest common factor of 5208 and 12708.
12
What is the highest common factor of 16 and 14446?
2
What is the highest common factor of 56 and 21644?
28
Calculate the highest common factor of 846 and 15873075.
423
What is the highest common factor of 80 and 46860?
20
Calculate the highest common factor of 13671094 and 34.
34
Calculate the highest common divisor of 31452 and 3132.
12
Calculate the highest common divisor of 11413 and 707.
101
What is the highest common factor of 107787 and 366?
183
Calculate the highest common factor of 64 and 4838208.
64
What is the highest common divisor of 25185 and 391?
23
What is the highest common factor of 100342 and 44?
22
Calculate the highest common factor of 28 and 4193.
7
Calculate the greatest common factor of 5362 and 12.
2
What is the highest common divisor of 30767 and 451?
11
What is the highest common factor of 40598 and 22214?
766
What is the greatest common divisor of 8577 and 51?
3
Calculate the greatest common factor of 46 and 391.
23
Calculate the highest common divisor of 53942 and 28.
14
Calculate the greatest common factor of 70848 and 12.
12
What is the highest common factor of 10189 and 299?
23
What is the highest common factor of 3 and 72597?
3
Calculate the highest common divisor of 56 and 36.
4
Calculate the highest common factor of 12 and 12918.
6
What is the highest common divisor of 207950 and 100?
50
Calculate the highest common divisor of 281 and 3614503.
281
What is the greatest common factor of 6307 and 156604?
119
Calculate the highest common factor of 50568 and 10878.
294
What is the highest common divisor of 96 and 124680?
24
Calculate the highest common divisor of 11898 and 22.
2
Calculate the greatest common factor of 5428 and 22892.
236
Calculate the highest common divisor of 53760 and 56.
56
What is the highest common factor of 834 and 265768?
278
What is the highest common divisor of 1316319 and 366?
183
Calculate the highest common factor of 1100955 and 570.
285
Calculate the greatest common factor of 104 and 70264.
8
What is the greatest common divisor of 5969 and 22733?
127
Calculate the highest common divisor of 58 and 1549673.
29
Calculate the greatest common divisor of 1338 and 1328188.
446
Calculate the greatest common factor of 8 and 1361128.
8
Calculate the greatest common divisor of 384391 and 178.
89
Calculate the greatest common divisor of 2405670 and 102.
102
Calculate the greatest common divisor of 23763 and 6.
3
What is the highest common factor of 61038 and 1152?
18
Calculate the highest common factor of 778392 and 12.
12
What is the greatest common factor of 64400 and 1960?
280
What is the highest common factor of 421 and 924095?
421
What is the greatest common divisor of 126 and 1858878?
126
Calculate the highest common factor of 360690 and 330.
330
What is the greatest common factor of 814 and 638?
22
What is the greatest common factor of 14758 and 1081?
47
What is the highest common divisor of 38160 and 42768?
144
What is the highest common factor of 430990 and 290?
10
What is the greatest common divisor of 792 and 6556?
44
What is the highest